ctors of o.
2, 3
Suppose 7*x - 1016 = 3*x. List the prime factors of x.
2, 127
Suppose 2*u + 4*w = 430, u - 4*w = 5*u - 852. Suppose -2*i + u = f - 0*f, 625 = 3*f + 2*i. List the prime factors of f.
3, 23
Let s = 1793 + -839. List the prime factors of s.
2, 3, 53
Let v(w) be the second derivative of 5*w**3/6 - 5*w**2/2 - 10*w. Let k be v(11). List the prime factors of k/15*(-132)/(-10).
2, 11
Suppose -18*l = 12*l - 14010. List the prime factors of l.
467
Let x be (-6)/4*(-16)/(-6). Suppose 3*s = -2*o - 74, -s - 4*o = 20 + 8. List the prime factors of (s/2)/(x + 2).
2, 3
Let w(y) = 30*y**2 + 17*y + 34. List the prime factors of w(-4).
2, 223
Let s be (55/(-3))/((-2)/(-18)). Let m = -48 - s. What are the prime factors of m?
3, 13
Let t = -8 - -15. Suppose -t*m - 8 = -8*m. Let d = 5 + m. List the prime factors of d.
13
Let q(s) = -11*s + 100. Let v be q(9). Let d(o) = -1 + 0 + 2*o**2 + 13*o**3 + 0. What are the prime factors of d(v)?
2, 7
Let n = 592 + 1073. List the prime factors of n.
3, 5, 37
Suppose 0*j = 5*j + 4*z - 20, 2*z + 50 = 5*j. Let l(p) = -13*p + 34. Let y(x) = -20*x + 51. Let d(m) = 7*l(m) - 5*y(m). What are the prime factors of d(j)?
5, 11
Suppose -h + n = 5*n, 0 = -4*h - 5*n - 11. Let a(d) be the second derivative of -d**5/20 - d**4/4 - d**3/3 + 2*d**2 - d. List the prime factors of a(h).
2, 7
Let p be (-1 - -2)*(-1 - -1). Suppose 4*j - 5*k + p*k + 13 = 0, -4*j - k = 7. Let o(i) = -5*i**3 + 2*i**2 + 2*i + 2. List the prime factors of o(j).
2, 23
Let j be 3/(-7) - (-5 + 30/(-21)). Suppose k = j*k + 2*q - 66, -44 = -3*k + q. What are the prime factors of k?
2, 7
Suppose -10*r + 2*r - 1432 = 0. Let y = r + 250. What are the prime factors of y?
71
Suppose 5*v - 2*u = 19134, 0 = 5*v + 5*u + 6516 - 25636. List the prime factors of v.
2, 1913
Suppose 64 + 41 = 4*t - n, -3*n = 3*t - 90. Let h = 51 - t. List the prime factors of h.
2, 3
Let i = -1816 - -3018. List the prime factors of i.
2, 601
List the prime factors of 2*(4/(-6) + 5642/84).
7, 19
Suppose 10*l - 4*l = 54. Suppose -5*n = 0, 108 = 4*s + 2*n + n. Suppose -k = l - s. What are the prime factors of k?
2, 3
Suppose -3*a = -7*a + 5*z + 2495, 0 = 3*a - 4*z - 1871. What are the prime factors of a?
5
What are the prime factors of (7/((-84)/27))/(8/(-3360))?
3, 5, 7
Let b be 6684/36 + 2/6. Let h = 339 - b. What are the prime factors of h?
3, 17
Suppose -5*l - 2177 = -6542. What are the prime factors of l?
3, 97
List the prime factors of -2 - (-1539)/9*(-4)/(-6).
2, 7
Let b = 207 - 164. List the prime factors of b.
43
Suppose -3*j - j = -3*l - 222, -280 = -5*j + 5*l. Suppose 0 = j*x - 61*x + 2121. What are the prime factors of x?
3, 101
Let j(b) = -5*b + 25. Let g be j(9). What are the prime factors of ((-1075)/g)/((0 - 1)/(-4))?
5, 43
Suppose -1042 = -4*r - 14*p + 15*p, 5*r - 2*p - 1304 = 0. List the prime factors of r.
2, 5, 13
Let g(c) = -c**3 + 9*c + 7*c**2 - 15 + 11 + 2*c**3. Let w be g(-5). Let r = 7 + w. List the prime factors of r.
2
Let d(x) = 4 + 8 + 78*x**2 - x - 12. List the prime factors of d(1).
7, 11
Let d be (-5)/(-20) + (-39)/(-4). Let p(n) = 6*n**2 - 3 + d - 6. List the prime factors of p(-1).
7
Let v = -5 - -6. Let l be (v*6)/(1 - 2). Let j(x) = x**2 - 3*x - 7. What are the prime factors of j(l)?
47
Suppose -2*j = 3*k - 18, -k - 4*k = j - 30. Suppose -1391 - 2929 = -18*g. Suppose -o + k*o - g = 0. List the prime factors of o.
2, 3
Suppose -4*l = 2*v - 5276, 13184 = -34*v + 39*v + 4*l. What are the prime factors of v?
2, 659
Suppose -b + 11 = 6. Suppose 3*x = b*x - 58. What are the prime factors of x?
29
Let q be (20/5)/(-8)*-32. Suppose -20 = -4*o, 5*g = 3*g + 4*o - q. Suppose 0 = -g*c + 3*c + i - 61, 314 = 5*c - 4*i. What are the prime factors of c?
2, 31
Let z = 45 - -275. Suppose -49*r = -53*r + z. List the prime factors of r.
2, 5
What are the prime factors of (2 + -11)*(-1047)/9?
3, 349
Suppose -3*f + 2599 - 1003 = 0. What are the prime factors of f?
2, 7, 19
Let r be (1 - 976/(-20))/(1/(-5)). Let z = -22 - r. List the prime factors of z.
227
Suppose 5*o - 5*m = o + 3974, 5*o - 2*m = 4976. Suppose o = -8*p + 12*p. What are the prime factors of p?
3, 83
Let k = 14 - 9. Suppose 0 = -3*b + 8*b - k*x - 65, 3*b + 2*x - 29 = 0. Suppose b = o - 10. List the prime factors of o.
3, 7
Let m(j) = 9*j**2 + 29*j + 38. List the prime factors of m(-13).
2, 3, 197
Suppose 28*z = -8*z + 21276. What are the prime factors of z?
3, 197
Suppose -5*i + 16 = -3*i. Let l = i - 8. Suppose 4*y + 2*h - 106 = l, 3*h = -5*y + 56 + 77. List the prime factors of y.
2, 13
Suppose 0 = -11*p + 10884 + 11457. What are the prime factors of p?
3, 677
Let i = -581 - -943. What are the prime factors of i?
2, 181
Let z = 666 + -457. List the prime factors of z.
11, 19
Suppose 12 = 2*z + 2*z. Suppose -268 + 52 = -z*c. List the prime factors of c.
2, 3
What are the prime factors of -39 + 108 - -1*7?
2, 19
Suppose 0 = 9*q - 7*q + 2*s - 708, 732 = 2*q - 4*s. What are the prime factors of q?
2, 179
Let g(n) be the second derivative of n**4/4 + 5*n**3/6 + n**2 + 4*n. Let r be g(4). Let x = r - 46. List the prime factors of x.
2, 3
Suppose -241*l + 1782 = -240*l. List the prime factors of l.
2, 3, 11
Let l(k) = 3*k**2 - 11*k + 7. Let r be l(-8). Suppose -b = -4*t - 93, -23 + r = 3*b + 3*t. List the prime factors of b.
89
Let d(i) = 6*i**2 - 7 - 12*i**2 + 14*i**2. What are the prime factors of d(-3)?
5, 13
Let n be (-4)/(-2 + (-3 - -3)). Suppose n*d - 12 = -2*d. Suppose 3*t + 2*o - 85 = 0, -t + 14 = -d*o - 7. What are the prime factors of t?
3
Let p be (-2 - -1) + (-5 - 98). List the prime factors of -6*(-7)/((-84)/p).
2, 13
Let c(u) = 280*u + 60. List the prime factors of c(5).
2, 5, 73
Let h(b) = -6*b + 4 + 0*b + 0*b**2 + b**2. Let w be h(4). List the prime factors of (2 + 2 - w) + 2.
2, 5
Let i(n) = -2*n + 10. Let m be i(4). Suppose -3*u - 176 = -f, -u + 294 = m*f - 93. What are the prime factors of f?
191
Suppose 39*j = -42*j + 365553. List the prime factors of j.
4513
What are the prime factors of 8136/(-27)*(-15)/4?
2, 5, 113
Let v(i) = i**3 - 3*i**2 + 2*i - 2. Let n = 23 - 20. Let d be v(n). What are the prime factors of (-1 - d)/(6/(-54))?
3, 5
Let q = -1 - -3. Let c be q/10 - 9/(-5). Suppose 0 = 7*s - c*s - 45. List the prime factors of s.
3
Suppose -756*l + 759*l = 3342. List the prime factors of l.
2, 557
Suppose 4*p + 4 = 3*x - 14, 2*p = -3*x + 36. Suppose x*l - 953 = 87. List the prime factors of l.
2, 13
Let c(f) = 2*f**2 + 3 + 4 - 3*f - 4. Let n be c(2). Suppose -j = -n*j + 180. List the prime factors of j.
3, 5
Let p(d) = -2*d**3 - 4*d**2 + 15. Suppose -2*s - 3*s = 2*b + 35, 3*b = 3*s. What are the prime factors of p(s)?
3, 5, 11
Let k = 73 + 315. What are the prime factors of k?
2, 97
Let k(h) = -2*h**2 + 4*h + 1. Suppose t = -t + 4. Let j be k(t). Suppose -2*i - j = -103. List the prime factors of i.
3, 17
Let d(r) = -r**3 + 11*r**2 - 11*r + 10. Let m be d(4). Let i = 96 - m. List the prime factors of i.
2, 3
Let a(b) = -10*b**3 - 20*b**2 - 2*b**3 - 2*b + 1 + 16*b**2. List the prime factors of a(-2).
5, 17
Suppose 0 = 3*k + 15, -n + 0*k + 33 = -2*k. Suppose 0 = 19*g - n*g + 176. What are the prime factors of g?
2, 11
Let y(b) = -2*b**2 + 10*b + 2. Let t be y(5). Suppose -2*w = t*l + w - 116, 0 = -w - 2. What are the prime factors of l?
61
Let r(q) = -2*q**3 + 34*q**2 - 14*q - 52. List the prime factors of r(15).
2, 11, 29
Suppose 4*v - 10 = p + 99, 5*p = -4*v + 127. Let r be (v/12)/(4/240). Suppose -7*k + r = -147. List the prime factors of k.
41
Let k(g) = -14*g**2 - 29*g - 5. Let l(o) = 5*o**2 + 10*o + 2. Let y(z) = 6*k(z) + 17*l(z). Let u be y(3). What are the prime factors of 3/(-6)*u*-34?
17
Let q(z) be the third derivative of -3*z**4/4 + 2*z**3 + 12*z**2. Let n be q(6). Let w = n - -141. List the prime factors of w.
3, 5
Suppose 3*r = 19 - 13. Let s = r + -1. Let z = 2 + s. What are the prime factors of z?
3
Suppose 0 = 11*q - 15*q + 1272. What are the prime factors of q?
2, 3, 53
Suppose -16*v = -3895 - 4057. What are the prime factors of v?
7, 71
Let x = -4 + 11. Let v(q) = -5*q**3 - 16*q**2 + q + 11. Let z(b) = 3*b**3 + 8*b**2 - 6. Let p(u) = -4*v(u) - 7*z(u). What are the prime factors of p(x)?
19
Let c = 6 + 3. Let m be (9/(-4))/(c/(-24)). Let w = m - -1. What are the prime f